t is the greatest common divisor of c and 14?
14
Suppose 5*h - 2*b - 8 = h, 5*h + b = 17. Suppose 2*k + 23 + h = 0. Let v = k - -19. What is the highest common factor of 9 and v?
3
Let b = 504 - 314. Let h = 235 - b. Let o = -37 - -52. Calculate the greatest common divisor of h and o.
15
Suppose -3*n - 3*p + 84 = -5*p, 0 = 4*p. Let y be 6*-7*(-7)/21. Calculate the greatest common factor of n and y.
14
Let n be (-24)/2 - 2166/(-3). What is the greatest common divisor of 20 and n?
10
Let u(i) = -3*i**2 + 28*i - 2. Suppose 16 = 3*t - t. Let r be u(t). Calculate the greatest common factor of r and 15.
15
Let t = 57 + -54. Suppose 10 = -5*f, -f + 264 = 5*z - t*f. What is the highest common factor of z and 39?
13
Let s be (3/9)/(2/(-6)) + 123. Let n = s + -58. Let k(f) = 3*f - 1. Let y be k(3). Calculate the greatest common divisor of y and n.
8
Let a = -30 + 158. Let m = a + -69. What is the highest common factor of 531 and m?
59
Let t = 2 - -4. Let x(n) = -3*n + 101. Let g be x(33). What is the greatest common factor of t and g?
2
Let r be (66/(-4))/((-243)/486). Calculate the highest common divisor of r and 1309.
11
Suppose 0 = 3*x + 31 + 425. Let s = -60 - x. What is the greatest common divisor of s and 23?
23
Let p be (-3)/((-4)/(32/12)). Let f be (-4 - -4 - -4)*(0 + p). Calculate the highest common divisor of f and 6.
2
Let p(r) = 10*r + 1 - 4*r - 13. Suppose 0 = -2*u + 9 + 9. Let m be p(u). Calculate the greatest common divisor of 14 and m.
14
Suppose -4*h + 4*l + 270 = -78, h - 87 = 4*l. Calculate the greatest common factor of 29 and h.
29
Let a(u) = 54*u**3 - u**2 + 2*u - 1. Let p be a(1). Let f be (6/(-4) - -3)*24. What is the greatest common divisor of f and p?
18
Let x(j) = -19 + 2 + 2111*j**2 - 2107*j**2 + 6*j. Let p be x(3). Calculate the highest common divisor of p and 37.
37
Let r be -7*15/(-35) + 96. Let z(i) = 4*i**2 - 3*i. Let d be z(-3). Suppose 6*k = k + d. Calculate the greatest common factor of k and r.
9
Let c = 617 + -542. What is the highest common divisor of 30 and c?
15
Suppose -4*v + 256 = -8*v. Let u be 1*v/(-4) + 1. Let r = u + -6. Calculate the greatest common divisor of r and 33.
11
Let c(d) = 18*d**3 + d**2 - 1. Let q be c(1). Let y = 2 - q. Let k be ((-9)/6)/(6/y). What is the greatest common divisor of 28 and k?
4
Suppose 5*f + 24*f = 638. Calculate the highest common factor of 418 and f.
22
Let p = 0 - -28. Let g be p - ((-4 - -3) + 3). What is the greatest common divisor of g and 13?
13
Let m(d) = d**3 - d + 187. Suppose -16 + 1 = -3*x. Suppose 0 = x*j - 2*j. Let h be m(j). What is the greatest common factor of h and 17?
17
Suppose 14*y - 14589 = 5571. What is the highest common factor of 90 and y?
90
Let b be (-32)/(-3 - (-2)/1). Let t(f) = -6*f + 38. Let i be t(-7). What is the highest common divisor of i and b?
16
Let s(h) = h**2 + 9*h - 7. Let j be s(-6). Let i = 46 + j. What is the greatest common factor of 42 and i?
21
Suppose -8*r + 185 = -6*r - 5*u, -r = -2*u - 94. Let s(v) = v + 20. Let l be s(0). What is the greatest common divisor of l and r?
20
Suppose 0 = -2*r - 8 + 34. Suppose 4*v + v - 1755 = 0. Suppose 4*f - v = f. What is the highest common factor of f and r?
13
Let x(a) = 32*a + 70. Let d be x(-2). Suppose 0 = -5*f - 4*z + 25, f + 0*z + 1 = -2*z. What is the greatest common factor of f and d?
3
Let q = -18 + 18. Suppose 2*g + 92 - 392 = q. What is the highest common divisor of 30 and g?
30
Let t be (104/(-5))/(-10*2/50). What is the greatest common divisor of 39 and t?
13
Suppose 20*g - 17 = -w + 15*g, -50 = -4*w - 2*g. Suppose 0 = -j + 10 + 2. Calculate the highest common divisor of w and j.
12
Suppose -2*h + 53 = l - 1, -3*h = -5*l - 55. Let m = h + -24. Let c(g) = -8*g**3 - 2*g**2 + 1. Let f be c(-1). Calculate the greatest common factor of f and m.
1
Let i(a) = a + 7. Let o be i(-5). Suppose -3*p = -z - 17, -3*p - p = -o*z - 26. Let q = 7 - p. What is the greatest common divisor of 3 and q?
3
Suppose -45*f + 3926 = -2149. What is the greatest common divisor of 120 and f?
15
Suppose -3*g + 8*g = -5, -2*o - 31 = 3*g. Let c be 2*6/8*o. Let x = 35 + c. Calculate the greatest common factor of 35 and x.
7
Let s be 441/98*((-1)/(-1) + -3). Let u be 195/9 + 0 + (-3)/s. Calculate the highest common divisor of 88 and u.
22
Let a be 24/(-21) + 10 + (-6684)/(-42). Calculate the highest common divisor of 3 and a.
3
Suppose 0 = -4*l + 90 - 38. What is the greatest common divisor of 8 and l?
1
Let t be -1 + 3 + 39 + -4. Suppose -3*q + 7 = 5*r - r, 3*q - t = 2*r. Suppose -7*v + q*v = 2. Calculate the highest common divisor of 4 and v.
1
Let s = -16 - -32. Suppose 6696 = 100*m - 7704. Calculate the highest common divisor of s and m.
16
Let w be (-4)/(-2)*(-44)/(-8). Suppose -3*z + 4*z = 396. Suppose h + 3*h = z. What is the greatest common divisor of h and w?
11
Let n be ((-308)/(-6))/((-10)/(-15)). What is the highest common factor of 22 and n?
11
Let z(l) = -l**3 - 3*l**2 - 6*l - 30. Let v be z(-6). Calculate the highest common factor of 513 and v.
57
Suppose -5*d + 2*i = -189 - 49, -d + 30 = 4*i. Let t = -11 + 38. Let o = d - t. What is the highest common divisor of o and 76?
19
Suppose 18 - 61 = -43*v. Calculate the highest common divisor of v and 7.
1
Suppose -4*d + 16 = -5*v, 3*d + 0*d - 19 = 2*v. Let a(r) = -4*r + 57. Let l be a(12). Calculate the highest common divisor of l and d.
9
Let l = -1648 + 1930. What is the greatest common divisor of l and 752?
94
Suppose 2*v = 4*a + 6, -4*a = -2*a. Suppose v*d + 2 = m, -3*d - 52 = -5*m - 2*d. What is the greatest common divisor of m and 44?
11
Let d = -20 + 14. Let a(u) be the third derivative of u**5/30 - u**4/3 - u**3/6 + 23*u**2. Let z be a(d). Calculate the highest common factor of 17 and z.
17
Suppose -5*z + 10 = 4*q, 3*q + 10*z - 9 = 7*z. Suppose q*l + 17 = 87. Calculate the highest common factor of l and 224.
14
Suppose 5*d + c - 58 = 3*c, -3*d = 2*c - 38. Let t = -2 + 4. Suppose q = -m + 88 + 8, t*m - 192 = -4*q. What is the highest common divisor of d and m?
12
Let k(c) = 3*c**2 - 6*c + 2. Let g be k(7). Let l = g + -43. Suppose 3*o = -3*w + 12, 3*w = -6*o + 9*o - 36. Calculate the greatest common factor of o and l.
8
Let h(f) = 2*f**3 + 18*f**2 - 10*f. Let t be h(-7). Calculate the greatest common divisor of 14 and t.
14
Let x = 954 - 876. What is the highest common divisor of x and 1482?
78
Let y(t) = t**2 + 41*t + 331. Let b be y(-45). What is the greatest common divisor of b and 146?
73
Suppose 0*f - 29 = -f. Suppose 5*h + 4*i = 20, -3*i + 4*i = 0. Let d be ((-522)/8)/((-1)/h). What is the greatest common divisor of d and f?
29
Let z(h) be the first derivative of h**4/2 - h**3 + 2*h**2 - 5*h + 9. Let b be z(3). Calculate the greatest common divisor of b and 272.
34
Suppose 480 = 23*w - 15*w. Let x be (-3 - 2)*(1 - 4). Calculate the highest common factor of w and x.
15
Let m(n) = -32*n - 500. Let c be m(-16). Let v be 1 - ((-7 - -2) + 0). What is the highest common factor of v and c?
6
Let l = 165 - 160. What is the highest common divisor of 80 and l?
5
Let x = 92 + -29. Suppose 3*r + t - 25 + 1 = 0, r + t = 6. What is the highest common divisor of x and r?
9
Suppose -28*w - 78*w = -137 + 31. Suppose 0 = -5*n + 24 + 56. Calculate the highest common divisor of n and w.
1
Suppose h + 5*d = 180, -10*d + 6*d - 225 = -h. Calculate the highest common factor of h and 287.
41
Let h(z) = 4*z**2 + 2*z**2 - 6*z**2 - z - 12 + z**2. Let f be h(7). Calculate the greatest common divisor of 75 and f.
15
Suppose 0 = 7*v - 5*v - 28. Suppose -h + 6 = -3*m + 1, 0 = h + 4. Let k be (m - -4)/(1/112). Calculate the highest common divisor of k and v.
14
Suppose 2*x = -4*y + 200, 198 = 2*x - 0*y + 3*y. Suppose -3*r = b - 101, 246 = 5*r - 2*b + x. What is the greatest common divisor of 32 and r?
32
Let v be (6/(-8))/(5/(-40)). Suppose -98*k + 24 = -92*k. Calculate the greatest common factor of k and v.
2
Let d = 56 - 36. Let q be (-34)/(1*8/d). Let t = -47 - q. What is the greatest common divisor of 38 and t?
38
Suppose 60 = -5*k + 9*k. Calculate the greatest common divisor of k and 6.
3
Suppose -3*c + 366 = 15. What is the greatest common divisor of c and 26?
13
Let s be 856/(-24) - 2/(-3). Let y be (-89)/(-5) + (-7)/s. What is the greatest common factor of y and 